2 + -2. List the prime factors of 18/9 - k/s.
2
Suppose -3*s + 5 = d, -13 - 22 = -5*d - 5*s. List the prime factors of 15/10 + 188/d.
5
Let w(v) be the first derivative of 67*v**3/3 + 4*v**2 - 14*v - 43. What are the prime factors of w(2)?
2, 3, 5
Suppose 2*c + 3*c - 4*k - 2309 = 0, 2*c = 2*k + 922. What are the prime factors of c?
3, 5, 31
Let u = -2482 - -4003. List the prime factors of u.
3, 13
Let h(s) = -2*s**3 - 52*s**2 + 27*s - 138. List the prime factors of h(-28).
2, 19, 59
Suppose 5*g = 2*k - 946, -2*k + 0*k + 958 = -2*g. What are the prime factors of k?
3, 7, 23
Let l = 18 - 15. Suppose l*a - 1092 = 2*s, 546 = -s - 4*a - 0*a. What are the prime factors of s/(-24) + 1/4?
23
Let n be ((-40)/(-15))/(3/9). Let x be 2/n*10*2. Suppose 4 + 61 = x*k. What are the prime factors of k?
13
Suppose 660*n - 1617 = 657*n. List the prime factors of n.
7, 11
Suppose 4*d = -2*v + 916, 5*v - 6*v - 4*d = -452. List the prime factors of v.
2, 29
What are the prime factors of (1011/(-3))/((-9)/18)?
2, 337
Suppose 0 = 2*x - 36 + 38, -89 = -5*k + 4*x. List the prime factors of k.
17
Let f = 38 + -38. Suppose 2*i + r - 483 = -3*i, f = -4*i + 5*r + 398. List the prime factors of i.
97
Suppose -4*i + l + 483 = 0, -l = -5*l + 20. What are the prime factors of i?
2, 61
Suppose 5*q - 3058 = 2*k, -3*q = -4*k + 2*k - 1834. What are the prime factors of q?
2, 3, 17
Suppose 10*m = 86 + 684. Let o = m + -55. List the prime factors of o.
2, 11
Suppose -32*b + 2405 = -27*b. What are the prime factors of b?
13, 37
Suppose -5*r = -2*i - 795 - 10643, r - 4*i = 2302. What are the prime factors of r?
2, 3, 127
Let k = -645 - -787. List the prime factors of k.
2, 71
Suppose -3*s - 2*s = 140. List the prime factors of (-1760)/s - 4/(-28).
3, 7
Let c = -82 - 104. Let n = -110 - c. What are the prime factors of n?
2, 19
Let s be (-1)/2 + 7/(-14). Let b = s - -4. Suppose 2*v - 28 = -4*n, n + b = -0*n. What are the prime factors of v?
2, 5
Suppose 3*i - 3*b = 123, -i = b - 33 - 6. Let r = i - -7. What are the prime factors of r?
47
Suppose 0 = -a, 4*z = -z + a + 1145. List the prime factors of z.
229
Let k(y) = -y**2 - 20*y - 10. Suppose -l - 7 = 6. What are the prime factors of k(l)?
3
Let r be 1 + 0 - 2/1. Let h be r + -4 + 2 + 120. Suppose -h = -4*n + 3*s, 14 = n - 3*s - 13. What are the prime factors of n?
2, 3, 5
Let g = 600 + 964. What are the prime factors of g?
2, 17, 23
Let g(x) = 7*x**2 + 3*x + 48. What are the prime factors of g(-8)?
2, 59
Let s = -1081 - -1575. List the prime factors of s.
2, 13, 19
Let x(o) = 3*o + 13. Let t(k) = k**2 - 5. Let d be t(3). Suppose -r - 15 = -5*h, 3*r = d*h + h - 5. What are the prime factors of x(h)?
5
Let s be ((-7)/14)/(2/(-20)). Suppose 3*t + 16 = s*t. What are the prime factors of t?
2
Suppose 2*h - 3*n - 533 = 0, -4*h = 2*n - 463 - 627. List the prime factors of h.
271
Let g(c) = 3*c + 12. Let t be g(-7). Let r be (-24)/108 - 47/t. Suppose -3*s = r*w - 57, 2*w + 54 = 3*s + 6*w. List the prime factors of s.
2, 7
What are the prime factors of 582 + (-52)/13 - (-2)/(-2)?
577
Let d(j) be the third derivative of -1/3*j**3 - 1/30*j**5 - 1/12*j**4 + 0 + 0*j - 1/120*j**6 - 7*j**2. What are the prime factors of d(-4)?
2, 19
Let x(w) = 4*w**3 - 4*w**2 + 2*w - 7. Let r be ((-12)/(-9))/((-4)/(-9)). List the prime factors of x(r).
71
Suppose g + 1300 = 3*a, -5*g + 856 = 2*a - 3*g. List the prime factors of a.
2, 3
List the prime factors of 85*(-5 - (-5 - -1))*-1.
5, 17
Let u = 1 + -13. Let l = -8 - u. Suppose -p + l = -0. What are the prime factors of p?
2
Let w(n) be the first derivative of n**3/3 - 5*n**2 - 3*n + 2. Let m be w(11). What are the prime factors of m*3*(-8)/(-24)?
2
List the prime factors of (6/5)/((-39)/(-2405)).
2, 37
Suppose 6*m + 3243 = 12693. What are the prime factors of m?
3, 5, 7
Let o be 20/(-3)*(-6)/4. Let w be (-9)/12 + 124/16. What are the prime factors of (o/w)/(1/7)?
2, 5
Let c(s) = 284*s + 4. List the prime factors of c(11).
2, 17, 23
Let i = -1 - -77. Let j = -43 + i. List the prime factors of j.
3, 11
Suppose 3*r - 8*r = -2230. What are the prime factors of r?
2, 223
Suppose -i = 4*i + 3*z - 22, 5*z - 22 = -i. Suppose -2*n = -0*u - 2*u - 8, n - i*u = 5. Suppose -5*w + 88 = -n*w. What are the prime factors of w?
2, 11
Let m = 213 + -23. Suppose -5*w + 3*w - m = 0. Let j = -67 - w. List the prime factors of j.
2, 7
Let p(w) = 3*w**2 - 5*w - 20. Let n be p(-6). List the prime factors of n/4 + (-45)/(-30).
31
Suppose 0 = 3*h + 4*w - 8642, 64*h - 63*h = -5*w + 2877. What are the prime factors of h?
2, 11, 131
Let o = -482 - -1113. List the prime factors of o.
631
Let v(o) = o + 6. Let p be v(-4). Let d = 7 - p. Suppose -2*c + 60 = -f - 2*f, -145 = -5*c + d*f. What are the prime factors of c?
3
Let t(b) = b**3 - 12*b**2 + 13*b - 16. Let c = 95 - 83. What are the prime factors of t(c)?
2, 5, 7
Suppose 37*y = 38*y - 3. Suppose 0 = -y*c - 134 + 185. List the prime factors of c.
17
Let h(j) be the third derivative of -j**5/60 + j**4/2 - 3*j**2. Suppose -l = -0*c - c - 9, -5*l = 5*c - 55. List the prime factors of h(l).
2, 5
Let q(x) = x**2 + 43*x - 8. List the prime factors of q(10).
2, 3, 29
Suppose -c - 4*o + 1707 = 0, 21*c - 16*c + o = 8516. What are the prime factors of c?
13, 131
Let m = 4005 + -2827. Suppose -3*q + 6*q + m = 4*g, -3*q = 2*g - 598. List the prime factors of g.
2, 37
Let t = -9 - -11. Let o(i) = i**3 + 2*i**2 - i + 1. Let v be o(-2). Suppose t*f - f = v. List the prime factors of f.
3
Suppose 6*k + 8*k - 7392 = 0. List the prime factors of k.
2, 3, 11
Let p = -56 - -56. Suppose 8*g - 256 - 320 = p. List the prime factors of g.
2, 3
Suppose 3475 = 4*i - 561. What are the prime factors of i?
1009
Suppose -5*y = r - 10, 2*y = -0*y + 5*r - 23. What are the prime factors of (738/108)/(y/6)?
41
Let f be (-6)/(-45) + (-73)/(-15). Let r(u) = -u**3 + 8*u**2 - 4*u - 6. Let k be r(f). Suppose 5*x - 5*d = k + 66, -4*d - 23 = -x. List the prime factors of x.
23
What are the prime factors of ((-1695)/(-2) - -1)/(43/86)?
1697
Let m(j) = -2*j + 18. Let d be m(7). Suppose d = 7*v - 157. List the prime factors of v.
23
Let s(v) = 4*v + v - 6 - 4*v. Let p(g) = g**2 - 8*g - 37. Let k be p(12). What are the prime factors of s(k)?
5
Suppose 0 = 2*s - 0 - 10. What are the prime factors of 18/(2 - 9/s)?
2, 3, 5
Suppose -8*w = 4*w + 36. Let i(j) = -4*j**3 - 2*j**2 + 2*j**3 - 4 - 4*j + 2*j. List the prime factors of i(w).
2, 19
Let h(s) = -s**2 + 9*s - 9. Let d be h(7). Suppose 26 = r + 2*m, 0*m - 152 = -d*r + m. What are the prime factors of r?
2, 3, 5
Suppose -31*j + 24*j + 4298 = 0. List the prime factors of j.
2, 307
List the prime factors of (-2320)/100*150/(-4).
2, 3, 5, 29
Let s = -31 + 31. Suppose -4*q - 5*w + 199 = s, -2*q + 2*w = 35 - 139. What are the prime factors of q?
3, 17
Let r = 754 + -345. What are the prime factors of r?
409
Suppose -20 - 1 = -5*y - z, 0 = 4*y - 4*z - 12. Let g(m) = -y + m - 3*m + 14*m. What are the prime factors of g(3)?
2
Let n = -20 - -30. Suppose n = 4*f - 6. Let b = f - -27. What are the prime factors of b?
31
Let w be ((-4 - -1) + 13)*(4 - 3). Let p(a) = 2*a + 17. List the prime factors of p(w).
37
Let j = 143 + -26. Let m = j + 228. What are the prime factors of m?
3, 5, 23
Let u = 268 + 156. List the prime factors of u.
2, 53
Suppose 0 = 5*o - m - 2061, -2*m - 1 = 1. List the prime factors of o.
2, 103
Let g = 27 + -15. Suppose 0 = g*a - 14*a + 78. What are the prime factors of a?
3, 13
Suppose 16*v - 27*v + 14751 = 0. What are the prime factors of v?
3, 149
Let a(s) = -3*s**3 - 15*s**2 - 6*s + 30. What are the prime factors of a(-7)?
2, 3, 61
Let s(g) = 2*g**3 - 3*g**2 + 2*g - 1. Let t(x) = x + 14. Let y be t(-12). Suppose -3 - 3 = -y*w. List the prime factors of s(w).
2
Suppose 4*i - 3*p = 2656 + 9152, 0 = i + 2*p - 2963. List the prime factors of (-2)/(3*(-10)/i).
197
Let d be (-28)/21 - 8/(-6). Let w = -1 + d. List the prime factors of w/(-2)*106 - 1.
2, 13
Let h = 13 + -8. Suppose -o + w = -10, 22 = 3*o - 0*o - h*w. List the prime factors of o.
2, 7
Let c = -198 - -348. What are the prime factors of c?
2, 3, 5
Suppose 371 + 1483 = 3*w. Let a = w - 418. What are the prime factors of a?
2, 5
Let p = 36 - -40. Suppose -c - a = -298, 0*c = c + 4*a - 310. Suppose 0 = 4*d + 2*i -